*v. Suppose 2*n = -w + 9, -146*n + 147*n = -4*w + 1. Determine b(n).
-1
Suppose 2*d = -s + 1, -2*d - d + 5*s = -34. Suppose -2*r = 3*b - 16, -d*b - 30 = -2*r + b. Let z(f) = -7*f + 22*f - 7*f + 1 - r*f - f**2. Determine z(-5).
-9
Let y(t) = t**2 - t + 8. Suppose 0 = -3*d - 7*h + 2*h - 160, -d - 72 = -3*h. Let o = 48 + d. Let b = o + 12. Give y(b).
8
Suppose -2*a - 8 = -2*p, -p + 3*p = 3*a + 7. Let y(l) = -1 + p*l**2 - 8*l**3 + 6*l + 9*l**3 + 1 + 4. Determine y(-4).
-4
Let h be (-4 - (-46)/5) + 1/(-5). Suppose 2*q = -2*q + 8. Let i(w) = 24*w**3 + w + 5*w**q - 12*w**3 - 13*w**3 + 3. Determine i(h).
8
Let u(n) be the second derivative of 0 + 7/2*n**2 - 5/3*n**3 + 1/20*n**5 - 2/3*n**4 - 95*n. Determine u(9).
-2
Suppose 2 = -l + 3*v, -50*l - 3*v = -47*l - 30. Let k(n) = n**3 - 7*n**2 - 2*n + 10. Give k(l).
-4
Let m(t) = -t - 6. Suppose 4*a = -4*z - 21 - 19, -4*a - 2*z = 34. Let l be (-10 - -31)*(-3)/a. Suppose 0 = -11*d + l*d. Give m(d).
-6
Let j(q) = -4*q**2 - 15*q + 41. Let u(y) = -5*y**2 - 14*y + 40. Let r(p) = -6*j(p) + 5*u(p). Determine r(17).
5
Let h(s) = s**3 - 3*s**2 + 4*s - 10. Suppose -347*b = -24*b - 1292. Determine h(b).
22
Let o = 82 + -83. Let m(w) be the second derivative of -3*w - 5/12*w**4 - 1/2*w**2 + 0*w**3 + 0. Calculate m(o).
-6
Let w be (1 + 6/(-4))*2. Let a be w/(-4) - 33/(-12). Let c(l) = -3*l**a - 1 - 9*l + 4 - 2 + 10*l. What is c(-1)?
3
Let o(j) = -j**2 - 7*j + 10. Let p be 399/(-38)*(-16)/6. Let d = p - 36. Determine o(d).
2
Let g(z) = z + 0*z**2 + 2018 + 5*z**2 - 2017. Let r(w) = w**3 + 9*w**2 - 23*w - 12. Let p be r(-11). Give g(p).
5
Let o(h) = 11*h - 4. Let k(z) = 30*z - 10. Let s(r) = 4*k(r) - 11*o(r). Suppose p = -7*d + 2*d + 7, 9 = 5*d + 2*p. Let u be -6 - d*(-2 - 0). What is s(u)?
8
Let t(d) = -d**3 - 7*d**2 - 10*d + 2. Let s be t(-5). Suppose -g - s*h = -4, 2*h - 18 + 8 = 0. Let j(a) = 2*a + 6. Give j(g).
-6
Let m = 20021/2 - 10010. Let r(d) be the first derivative of -m*d**2 - 2*d - 9. What is r(-7)?
5
Let x = 89 - -22. Let r(n) = -56 + x - n**2 + 2*n**2 - 53 + 8*n. What is r(-6)?
-10
Let s(d) = d**3 - 8*d**2 + 5*d + 29. Let o(x) = -2*x**3 + 17*x**2 - 11*x - 59. Let b(p) = 8*o(p) + 15*s(p). Give b(15).
-7
Suppose 4*t = -2*r + 25 + 5, 0 = -4*t + 4*r + 12. Let q(v) = -11*v**2 + 6*v - 3. Let o(p) = -5*p**2 + 3*p - 2. Let h(m) = t*q(m) - 13*o(m). What is h(-7)?
-20
Let z(k) = k**3 - 24*k**2 - 6*k + 39. Let t be z(24). Let m = -23 - t. Let w(j) = -3 + j**3 + 0 - 3*j**2 + 86*j - m*j. Give w(2).
1
Let j(l) = 6*l - 53. Let p(r) = -761*r - 7605. Let m be p(-10). Calculate j(m).
-23
Let t(f) = -2. Let h(k) be the first derivative of k**2/2 - 9*k - 9. Let c(j) = h(j) - 5*t(j). Calculate c(1).
2
Suppose 3*z = 2*n - 65 + 36, -6 = 2*z. Let b(h) = 6*h - 7. Determine b(n).
53
Let z(b) = b**3 - 7*b**2 + 8*b - 6. Let w(s) = -s**3 - 12*s**2 - 8*s + 36. Let x be w(-11). Suppose x*k = 8*k - 30. Calculate z(k).
6
Let d be 2*(35/(-10) - -3). Let y(k) be the third derivative of k**6/24 + k**5/60 + k**4/24 - 51*k**2 - 1. Give y(d).
-5
Let n(r) = r**2 + r + 1. Let p(o) = o + 13. Let u be p(7). Let w be (-150)/(-20)*u/2. Let y = 72 - w. Calculate n(y).
7
Let m(r) = -4*r**3 - 2*r**2 + 1. Let j be m(1). Let c(u) = 8 - 1 - 7 + 4 + u - 3. Determine c(j).
-4
Let a(q) = -q**2 + 8*q + 3. Suppose -c - 3*c + 32 = 5*b, -5*c - b = -19. Suppose -3*v - i = -23, c*i - 31 = -4*v - 2. Calculate a(v).
3
Let d(q) = -3*q + 26. Let p = 3481 - 3467. Give d(p).
-16
Suppose -21 = -2*o + 1. Let s = 4 - o. Let l(y) = -18*y + 8*y - y**2 + 202 - 68 - 75 - 68. Determine l(s).
12
Suppose -45*l = -208 - 77 - 120. Let m(r) = r**3 - 9*r**2 - r - 1. Calculate m(l).
-10
Let k(v) = -10*v + 3. Let x = -462 - -490. Suppose -504*b + x = -511*b. Determine k(b).
43
Let b = -3097 + 3094. Let u(j) = -3*j + 3. Determine u(b).
12
Let d(c) = -c**2 - 12*c + 9. Let y(i) = -2*i**2 - 55*i - 298. Let w be y(-7). What is d(w)?
20
Let z(q) = -q. Let y = -4 - 1. Let i(u) be the second derivative of -u**5/20 - 5*u**4/12 + 3*u**2 + 19*u. Let d be i(y). Give z(d).
-6
Let b(r) = -9*r + 146. Let i(x) = 13*x - 213. Let d(u) = -10*b(u) - 7*i(u). Calculate d(-12).
43
Let w(p) = p**3 + 3*p**2 + 6*p + 36. Let v be w(-4). Let f(g) = -1 + 3 + 0. Let t(q) = -q - 3. Let y(z) = v*t(z) - 5*f(z). Give y(6).
26
Suppose -3*s - 2*s + 2*q = 37, -s - 2*q = 5. Let r(x) = 27*x + 25. Let d(j) = -8*j - 8. Let m(f) = s*d(f) - 2*r(f). Give m(-8).
-10
Suppose 6*u - 62 = 4*u. Suppose u*a + 21 = 34*a. Let s(g) = -13*g - 7. Let l(v) = 14*v + 8. Let t(j) = a*s(j) + 6*l(j). Determine t(2).
-15
Let r(l) = -90*l - 354. Let k be 266/1995 + (-62)/15. Determine r(k).
6
Let h(p) = p**2 + 6*p + 8. Let s(w) = 4*w**3 - 4*w**2 + w + 2. Let u = -405 - -404. Let l be s(u). Give h(l).
15
Let o(q) = 2*q + 5. Let k(r) = -5*r - 11. Let c be k(-4). Let f be (-6)/c + (-534)/9 + -3. Let m = 68 + f. Determine o(m).
15
Suppose y - n = 22 + 9, -n = 2*y - 68. Let a be ((-2)/(-6))/(2/12). Let r(g) = 0*g - 2*g - y + 30 + g**a. Give r(4).
5
Let f(r) = 4*r - 14. Suppose 6*i - 16*i + 50 = 0. Let t(b) = -5*b + 16. Let w(y) = i*t(y) + 6*f(y). Suppose 0 = c - 2*u, -c - c - 5*u = 27. Give w(c).
2
Let w(l) be the second derivative of -l**4/6 - l**3/2 + 37*l**2/2 + 2*l - 2337. Calculate w(4).
-7
Let w(r) = -3*r**3 - 5*r**2 + r. Suppose 5*c + i = 0, -145*c + 12 = -143*c - 2*i. Calculate w(c).
-7
Let x(u) = -488*u**2 - 26 - u**3 + 33*u - 42*u + 488*u**2 + 34. Give x(0).
8
Let t(d) be the third derivative of -d**6/120 + d**5/60 - d**4/12 - d**3/6 - 1190*d**2. What is t(2)?
-9
Let t(r) = -r**3 + 18*r**2 - 19*r + 29. Let a be (64 + 0)/2 - (-7)/(-7). Let k = -14 + a. Let y be t(k). Let s(l) = -3*l - 7. Give s(y).
8
Let s(n) = -3*n - 1. Let m(o) = -4*o - 22. Let g(t) = 4*t + 13. Let p be g(-5). Let c be m(p). Let k = c + -7. What is s(k)?
2
Suppose -20*c + 2 = -19*c. Let s(f) = c*f - 4 - 6*f + 3*f + 0*f. Suppose 0 - 9 = 3*w. Calculate s(w).
-1
Suppose -2*z - 6 = -c + 1, -24 = -5*c - z. Let d(g) = 311*g**2 + 10 - 156*g**2 - 156*g**2 + c*g. Give d(6).
4
Let i(o) = -12*o**2 - 33*o + 45. Let w(f) = 4*f**2 + 13*f - 15. Let l(m) = -2*i(m) - 7*w(m). What is l(-7)?
-6
Let c = -3547 + 3543. Let d(l) = -l**3 - 2*l**2 - 4*l - 2. Give d(c).
46
Let b = 771 - 762. Let p be 12/10 + 22*b/(-15). Let m(r) = 3*r + 14. Determine m(p).
-22
Let c(p) be the first derivative of 28 - 42*p + 72*p + p**2 - 39*p. Give c(0).
-9
Let h be (-1728)/(-704) + 6/11. Let w(p) = -h + 2*p - 3*p + 2 + 5*p - 6*p. Calculate w(2).
-5
Let a(x) = -x**3 - 8*x**2 - 7*x + 3. Let y(b) = -20*b**2 - 14*b - 8. Let r be y(-5). Let p = r + 431. Calculate a(p).
3
Let n = -426 - -420. Let p be (-2)/(-12)*6*2*n. Let w(j) = -j**2 - 10*j - 8. Calculate w(p).
-32
Let l(r) = 50*r. Suppose -16*t - 85 - 84 = -185. Give l(t).
50
Let w(d) = -444*d - 2186. Let c be w(-5). Let f(j) = -j**2 + 51*j - 583. Determine f(c).
-5
Let t(z) = -7*z**2 + 7*z. Let k(c) = 16*c**2 - 17*c. Let o(h) = 4*k(h) + 9*t(h). Let y = 81 - 116. Let b be (-27)/(-5) + 14/y. What is o(b)?
0
Let w(g) be the first derivative of g**3/6 - g**2 + 122*g - 138. Let a(p) be the first derivative of w(p). What is a(-9)?
-11
Let v(o) = -2*o**2 - 21*o + 10. Let b(f) = 3*f - 3. Let c(r) = -5*b(r) - v(r). Give c(-2).
1
Let a = 11355 + -11354. Let v(y) = -1 + 6*y**2 + 0 + 2. Determine v(a).
7
Suppose 40 = -5*g + 5*s, -g - 89*s = -88*s - 6. Let x(v) = -7*v - 3*v - 5 + 4. Calculate x(g).
9
Let n(z) = z**2 - 13*z + 24. Let m = -7287 + 7294. Determine n(m).
-18
Let j(p) = -p**2 + 7*p - 6. Let n(h) = -h**2 + 7*h - 6. Let y(t) = -6*j(t) + 7*n(t). Suppose -5*k + 2*z + 21 = 0, 165 - 146 = 3*k + 2*z. Determine y(k).
4
Let w(p) = 3*p + 57. Let s(c) = c**3 - 9*c**2 - 44*c + 378. Let q be s(9). Calculate w(q).
3
Let l(s) = -s**3 - 7*s**2 - 4. Let d be l(-7). Suppose -702 - 2850 = -32*u. Let a(q) = q**2 - u*q + 113*q - 14 + 9. Calculate a(d).
3
Suppose -u + 4*u + 2*p = -198, -113 = 2*u - 5*p. Let d = -52 - u. Let g(x) = -d - 96*x + 0 + 95*x. What is g(-7)?
-5
Suppose -i - 2*g - 25 = -26, -4*g = -16. Let t(j) = -2*j**2 - 15*j + 16. What is t(i)?
23
Let y be 10 - ((-15)/5 - -9). Let h(c) = -y*c**3 + 4*c**2 + 4*c + 0*c + 2*c**3 + 0*c**2 + c**3 + 3. Determine h(5).
-2
Let x(t) = -39*t + 26. Let h = 2209 + -2208. Give x(h).
-13
Let c = 8 + -4. Let m = -9 + c. Let z(k) = 4*k**2 - 7*k - 